0?
2, 5, 1481, 2377
What are the prime factors of 419800208?
2, 26237513
List the prime factors of 20885947.
857, 24371
What are the prime factors of 233650911?
3, 13, 797, 7517
What are the prime factors of 887783901?
3, 163, 1815509
List the prime factors of 5116020919.
17, 12659, 23773
List the prime factors of 3171377457.
3, 19, 18546067
List the prime factors of 660810726.
2, 3, 139, 264113
What are the prime factors of 85791509?
85791509
List the prime factors of 75287419.
523, 143953
What are the prime factors of 3336732805?
5, 7, 47, 367, 5527
List the prime factors of 95431025.
5, 23, 29, 59, 97
What are the prime factors of 239203455?
3, 5, 29, 97, 5669
What are the prime factors of 136682145?
3, 5, 337, 9013
What are the prime factors of 91783613?
157, 584609
What are the prime factors of 230344158?
2, 3, 11, 29, 151, 797
What are the prime factors of 98425106?
2, 13, 37, 101, 1013
List the prime factors of 194877033.
3, 13, 557, 8971
List the prime factors of 969741572.
2, 71, 3414583
What are the prime factors of 30034983?
3, 11, 97, 853
What are the prime factors of 3190676298?
2, 3, 8629, 61627
What are the prime factors of 97198733?
31, 3135443
List the prime factors of 74504173.
74504173
List the prime factors of 46908666.
2, 3, 7, 124097
What are the prime factors of 561231203?
13, 173, 257, 971
List the prime factors of 172514088.
2, 3, 2396029
List the prime factors of 105372361.
23, 73, 97, 647
List the prime factors of 34330977.
3, 3814553
List the prime factors of 795390457.
13619, 58403
What are the prime factors of 922378514?
2, 461189257
List the prime factors of 364497770.
2, 5, 7, 13, 57221
List the prime factors of 402774441.
3, 167, 281, 2861
What are the prime factors of 428008609?
7, 17, 101, 149, 239
What are the prime factors of 1596306754?
2, 7, 941, 121171
What are the prime factors of 2694539676?
2, 3, 59, 1123, 3389
List the prime factors of 785830812.
2, 3, 13, 5037377
What are the prime factors of 632945129?
632945129
List the prime factors of 355462507.
19, 18708553
List the prime factors of 2753833763.
239, 2131, 5407
List the prime factors of 16022324.
2, 53, 75577
List the prime factors of 813781261.
907, 897223
What are the prime factors of 1482992278?
2, 21319, 34781
What are the prime factors of 4767146?
2, 2383573
List the prime factors of 12290709.
3, 1087, 3769
List the prime factors of 4991025433.
19541, 255413
List the prime factors of 11142872.
2, 13, 307, 349
What are the prime factors of 2589740475?
3, 5, 7, 17, 79, 3673
List the prime factors of 473548006.
2, 499, 474497
List the prime factors of 11269652.
2, 991, 2843
List the prime factors of 114444302.
2, 7, 1167799
What are the prime factors of 75290631?
3, 13, 103, 18743
What are the prime factors of 3729039559?
7, 29, 107, 171679
List the prime factors of 1000418840.
2, 5, 25010471
What are the prime factors of 90023132?
2, 31, 725993
What are the prime factors of 148469817?
3, 4657, 10627
List the prime factors of 22886292.
2, 3, 11, 13, 13337
List the prime factors of 52515538.
2, 67, 391907
List the prime factors of 1009541532.
2, 3, 17, 4948733
List the prime factors of 578014575.
3, 5, 131, 58831
List the prime factors of 4644138363.
3, 181, 8552741
What are the prime factors of 1691831139?
3, 563943713
List the prime factors of 6970694572.
2, 1742673643
What are the prime factors of 30469890?
2, 3, 5, 11, 92333
List the prime factors of 95615439.
3, 23, 31, 44701
What are the prime factors of 565051632?
2, 3, 31, 499, 761
List the prime factors of 15623365.
5, 3124673
List the prime factors of 1919419930.
2, 5, 181, 1060453
What are the prime factors of 333359873?
7, 11, 883, 4903
What are the prime factors of 657412247?
657412247
What are the prime factors of 67714728?
2, 3, 157, 17971
List the prime factors of 114922379.
11, 13, 47, 17099
What are the prime factors of 504480201?
3, 29, 5798623
List the prime factors of 972050251.
419, 2319929
List the prime factors of 118829905.
5, 23765981
What are the prime factors of 191897651?
11, 37, 42863
What are the prime factors of 322853230?
2, 5, 7, 29, 157, 1013
List the prime factors of 250634900.
2, 5, 311, 8059
List the prime factors of 388563149.
13, 163, 233, 787
List the prime factors of 125671215.
3, 5, 53, 158077
What are the prime factors of 4545079306?
2, 2272539653
What are the prime factors of 674521381?
41, 1783, 9227
List the prime factors of 152463475.
5, 6098539
What are the prime factors of 455327212?
2, 151, 433, 1741
What are the prime factors of 107667296?
2, 11, 305873
What are the prime factors of 487640247?
3, 3251, 49999
List the prime factors of 281434115.
5, 56286823
List the prime factors of 4286567858.
2, 199, 10770271
What are the prime factors of 1448206391?
19, 1049, 72661
List the prime factors of 256873844.
2, 19, 23, 146953
What are the prime factors of 42603830?
2, 5, 4260383
What are the prime factors of 87255038?
2, 13, 67, 3853
What are the prime factors of 2646986181?
3, 7, 31, 4066031
List the prime factors of 9469186.
2, 4734593
List the prime factors of 189595817.
709, 267413
What are the prime factors of 83511028?
2, 20877757
What are the prime factors of 33301443?
3, 7, 37, 42859
What are the prime factors of 1021326845?
5, 7, 11, 23, 16477
List the prime factors of 372130954.
2, 13, 229, 62501
What are the prime factors of 6232395451?
53, 117592367
List the prime factors of 85954789.
85954789
List the prime factors of 36998663.
13, 73, 2999
List the prime factors of 405078412.
2, 101269603
What are the prime factors of 1024306261?
11, 37, 228793
What are the prime factors of 33265952?
2, 79, 13159
What are the prime factors of 19479700?
2, 5, 131, 1487
List the prime factors of 17043709.
107, 159287
List the prime factors of 124104069.
3, 709, 2161
What are the prime factors of 391626112?
2, 43, 71153
List the prime factors of 26842949.
7, 17, 191, 1181
What are the prime factors of 2263212224?
2, 7, 13, 79, 4919
What are the prime factors of 69290614?
2, 1871, 18517
What are the prime factors of 1346463142?
2, 2971, 226601
What are the prime factors of 12395882?
2, 6197941
What are the prime factors of 24448955?
5, 191, 25601
List the prime factors of 1270474098.
2, 3, 211745683
What are the prime factors of 1131536663?
107, 211, 50119
What are the prime factors of 987653132?
2, 246913283
List the prime factors of 140231967.
3, 59, 137, 5783
What are the prime factors of 34144449?
3, 17, 107, 6257
List the prime factors of 4083235165.
5, 816647033
What are the prime factors of 438146150?
2, 5, 13, 674071
List the prime factors of 1444680326.
2, 722340163
List the prime factors of 100976448.
2, 3, 53, 9923
What are the prime factors of 315609395?
5, 4889, 12911
List the prime factors of 3688881756.
2, 3, 7, 43915259
List the prime factors of 76596312.
2, 3, 13, 245501
What are the prime factors of 164971070?
2, 5, 11, 173, 8669
List the prime factors of 1794589093.
11, 163144463
What are the prime factors of 31370874?
2, 3, 67, 73, 1069
What are the prime factors of 424945619?
7, 60706517
List the prime factors of 8970843.
3, 7, 47, 61, 149
List the prime factors of 95436993.
3, 71, 167, 2683
What are the prime factors of 1188058963?
7, 13, 13055593
What are the prime factors of 34398942?
2, 3, 5733157
What are the prime factors of 1254527144?
2, 13, 347, 34763
What are the prime factors of 520847552?
2, 8138243
List the prime factors of 655634281.
655634281
What are the prime factors of 1255174518?
2, 3, 13, 1021, 15761
List the prime factors of 1834168771.
29, 281, 225079
What are the prime factors of 22870287?
3, 11, 17, 107, 127
What are the prime factors of 98799317?
29, 3406873
What are the prime factors of 38792252?
2, 89, 108967
What are the prime factors of 651085605?
3, 5, 571, 25339
List the prime factors of 3787410337.
31, 79, 443, 3491
What are the prime factors of 901288204?
2, 225322051
List the prime factors of 663583289.
419, 1583731
What are the prime factors of 1191285890?
2, 5, 181, 658169
List the prime factors of 62913944.
2, 7864243
What are the prime factors of 2574032997?
3, 139, 6172741
List the prime factors of 4512884717.
11, 23, 79, 9817
List the prime factors of 656505227.
7, 233, 402517
What are the 